{"id":92,"date":"2024-02-21T18:42:35","date_gmt":"2024-02-21T18:42:35","guid":{"rendered":"https:\/\/antakarana.life\/cursos\/?page_id=92"},"modified":"2024-05-02T12:19:37","modified_gmt":"2024-05-02T17:19:37","slug":"cursos","status":"publish","type":"page","link":"https:\/\/antakarana.life\/cursos\/","title":{"rendered":"Cursos"},"content":{"rendered":"\t\t<div data-elementor-type=\"wp-page\" data-elementor-id=\"92\" class=\"elementor elementor-92\" data-elementor-post-type=\"page\">\n\t\t\t\t<div class=\"elementor-element elementor-element-7565cfb e-con-full e-flex e-con e-parent\" data-id=\"7565cfb\" data-element_type=\"container\" data-settings=\"{&quot;background_background&quot;:&quot;classic&quot;}\">\n\t\t\t\t<div class=\"elementor-element elementor-element-c6663ab elementor-widget elementor-widget-text-editor\" data-id=\"c6663ab\" data-element_type=\"widget\" data-widget_type=\"text-editor.default\">\n\t\t\t\t<div class=\"elementor-widget-container\">\n\t\t\t<style>\/*! elementor - v3.21.0 - 22-05-2024 *\/\n.elementor-widget-text-editor.elementor-drop-cap-view-stacked .elementor-drop-cap{background-color:#69727d;color:#fff}.elementor-widget-text-editor.elementor-drop-cap-view-framed .elementor-drop-cap{color:#69727d;border:3px solid;background-color:transparent}.elementor-widget-text-editor:not(.elementor-drop-cap-view-default) .elementor-drop-cap{margin-top:8px}.elementor-widget-text-editor:not(.elementor-drop-cap-view-default) .elementor-drop-cap-letter{width:1em;height:1em}.elementor-widget-text-editor .elementor-drop-cap{float:left;text-align:center;line-height:1;font-size:50px}.elementor-widget-text-editor .elementor-drop-cap-letter{display:inline-block}<\/style>\t\t\t\t<p>Aprende desde la comodidad de tu casa, a la hora que quieras y con acceso de por vida.<\/p>\t\t\t\t\t\t<\/div>\n\t\t\t\t<\/div>\n\t\t\t\t<\/div>\n\t\t<div class=\"elementor-element elementor-element-4bd365b e-flex e-con-boxed e-con e-parent\" data-id=\"4bd365b\" data-element_type=\"container\">\n\t\t\t\t\t<div class=\"e-con-inner\">\n\t\t\t\t<div class=\"elementor-element elementor-element-5efead0 card-align-left elementor-widget elementor-widget-lifeshine-learndash-courses\" data-id=\"5efead0\" data-element_type=\"widget\" data-widget_type=\"lifeshine-learndash-courses.default\">\n\t\t\t\t<div class=\"elementor-widget-container\">\n\t\t\t            <div class=\"entry-posts\">\n                <div class=\"posts-container\">\n                    <div class='entries grid'   data-entries='{\"offset\":0,\"pagination\":\"more\",\"found_posts\":6,\"query_args\":{\"posts_per_page\":6,\"post_status\":\"publish\",\"post_type\":\"sfwd-courses\",\"order\":\"desc\",\"orderby\":\"date\"},\"settings\":{\"card_style\":\"boxed\",\"show_author\":false,\"show_price\":false,\"show_rating\":false,\"style\":\"grid\",\"show_thumbnail\":true,\"thumbnail_size\":\"full\",\"thumbnail_ratio\":\"\",\"meta_data\":[\"duration\",\"level\",\"enrolled\"],\"show_category\":false,\"taxonomy\":\"\",\"show_excerpt\":false,\"excerpt_limit\":null,\"show_author_image\":false,\"ppl\":12,\"class\":\"style-boxed\",\"ppp\":6}}' style=''><article class=\"entry-post post-style-grid has-popover style-boxed post-595 sfwd-courses type-sfwd-courses status-publish has-post-thumbnail hentry\" data-popover=\"popper-69fb3ff02bbd5\">\n\t<div class=\"post-thumb\"><a href=\"https:\/\/antakarana.life\/cursos\/courses\/como-liberarte-de-tus-creencias-limitantes\/\"><img fetchpriority=\"high\" decoding=\"async\" width=\"2160\" height=\"2160\" src=\"https:\/\/antakarana.life\/cursos\/wp-content\/uploads\/2024\/03\/2.-CaMO-LIBERARTE-DE-TUS-CREENCIAS-LIMITANTES.jpg\" class=\"attachment-full size-full wp-post-image\" alt=\"\" srcset=\"https:\/\/antakarana.life\/cursos\/wp-content\/uploads\/2024\/03\/2.-CaMO-LIBERARTE-DE-TUS-CREENCIAS-LIMITANTES.jpg 2160w, https:\/\/antakarana.life\/cursos\/wp-content\/uploads\/2024\/03\/2.-CaMO-LIBERARTE-DE-TUS-CREENCIAS-LIMITANTES-300x300.jpg 300w, https:\/\/antakarana.life\/cursos\/wp-content\/uploads\/2024\/03\/2.-CaMO-LIBERARTE-DE-TUS-CREENCIAS-LIMITANTES-1024x1024.jpg 1024w, https:\/\/antakarana.life\/cursos\/wp-content\/uploads\/2024\/03\/2.-CaMO-LIBERARTE-DE-TUS-CREENCIAS-LIMITANTES-150x150.jpg 150w, https:\/\/antakarana.life\/cursos\/wp-content\/uploads\/2024\/03\/2.-CaMO-LIBERARTE-DE-TUS-CREENCIAS-LIMITANTES-768x768.jpg 768w, https:\/\/antakarana.life\/cursos\/wp-content\/uploads\/2024\/03\/2.-CaMO-LIBERARTE-DE-TUS-CREENCIAS-LIMITANTES-1536x1536.jpg 1536w, https:\/\/antakarana.life\/cursos\/wp-content\/uploads\/2024\/03\/2.-CaMO-LIBERARTE-DE-TUS-CREENCIAS-LIMITANTES-2048x2048.jpg 2048w, https:\/\/antakarana.life\/cursos\/wp-content\/uploads\/2024\/03\/2.-CaMO-LIBERARTE-DE-TUS-CREENCIAS-LIMITANTES-600x600.jpg 600w, https:\/\/antakarana.life\/cursos\/wp-content\/uploads\/2024\/03\/2.-CaMO-LIBERARTE-DE-TUS-CREENCIAS-LIMITANTES-100x100.jpg 100w\" sizes=\"(max-width: 2160px) 100vw, 2160px\" \/><\/a><\/div>\t<div class=\"post-info\">\n\t\t<h3 class=\"post-title\"><a href=\"https:\/\/antakarana.life\/cursos\/courses\/como-liberarte-de-tus-creencias-limitantes\/\">C\u00f3mo liberarte de tus creencias limitantes<\/a><\/h3>\t\t<div class=\"post-meta-group\">\n\t\t\t\t\t\t\t\t<\/div>\n\t<\/div>\n\t<div class=\"post-popover\" data-popover=\"popper-69fb3ff02bbd5\">\n\t\t<div class=\"popover-body\">\n\t\t\t\t\t\t<h3 class=\"post-title\"><a href=\"https:\/\/antakarana.life\/cursos\/courses\/como-liberarte-de-tus-creencias-limitantes\/\">C\u00f3mo liberarte de tus creencias limitantes<\/a><\/h3>\t\t\t<ul class=\"post-meta\">\t\t\t\t\t<li class=\"meta-duration\"><i class=\"shine-icon-clock\" aria-hidden=\"true\"><\/i><span class=\"value\">33 minutos<\/span><\/li>\n\t\t\t\t\t\t\t\t\t<li class=\"meta-enrolled\"><i class=\"shine-icon-user-alt\" aria-hidden=\"true\"><\/i><span class=\"value\">10<\/span><\/li>\n\t\t\t\t<\/ul>\t\t\t\t\t\t<p class=\"product woocommerce add_to_cart_inline ld-add-to-cart\" style=\"margin-bottom:10px;margin-top:0;\"><a href=\"https:\/\/antakarana.life\/cursos\/?post_type=product&#038;p=602\" data-quantity=\"1\" class=\"button product_type_course\" data-product_id=\"602\" data-product_sku=\"\" aria-label=\"Lee m\u00e1s sobre &ldquo;C\u00f3mo liberarte de tus creencias limitantes&rdquo;\" rel=\"nofollow\"><i class=\"shine-icon-plus\" aria-hidden=\"true\"><\/i><span class=\"text\">Leer M\u00e1s<\/span><span class=\"spinner\"><\/span><\/a><\/p><a class=\"button button-block\" href=\"https:\/\/pay.hotmart.com\/I96495504F?off=21keg12v&#038;checkoutMode=10\">Comprar<\/a>\t\t<\/div>\n\t<\/div>\n<\/article><article class=\"entry-post post-style-grid has-popover style-boxed post-65 sfwd-courses type-sfwd-courses status-publish has-post-thumbnail hentry\" data-popover=\"popper-69fb3ff02de09\">\n\t<div class=\"post-thumb\"><a href=\"https:\/\/antakarana.life\/cursos\/courses\/mejora-tu-autoestima-auto-reputacion-y-seguridad-en-ti-mismo\/\"><img decoding=\"async\" width=\"1080\" height=\"1080\" src=\"https:\/\/antakarana.life\/cursos\/wp-content\/uploads\/2024\/02\/3.-MEJORA-TU-AUTOESTIMA-AUTOREPUTACIO\u2560uN-Y-SEGURIDAD-EN-TI-MISMO.jpg\" class=\"attachment-full size-full wp-post-image\" alt=\"\" srcset=\"https:\/\/antakarana.life\/cursos\/wp-content\/uploads\/2024\/02\/3.-MEJORA-TU-AUTOESTIMA-AUTOREPUTACIO\u2560uN-Y-SEGURIDAD-EN-TI-MISMO.jpg 1080w, https:\/\/antakarana.life\/cursos\/wp-content\/uploads\/2024\/02\/3.-MEJORA-TU-AUTOESTIMA-AUTOREPUTACIO\u2560uN-Y-SEGURIDAD-EN-TI-MISMO-300x300.jpg 300w, https:\/\/antakarana.life\/cursos\/wp-content\/uploads\/2024\/02\/3.-MEJORA-TU-AUTOESTIMA-AUTOREPUTACIO\u2560uN-Y-SEGURIDAD-EN-TI-MISMO-100x100.jpg 100w, https:\/\/antakarana.life\/cursos\/wp-content\/uploads\/2024\/02\/3.-MEJORA-TU-AUTOESTIMA-AUTOREPUTACIO\u2560uN-Y-SEGURIDAD-EN-TI-MISMO-600x600.jpg 600w, https:\/\/antakarana.life\/cursos\/wp-content\/uploads\/2024\/02\/3.-MEJORA-TU-AUTOESTIMA-AUTOREPUTACIO\u2560uN-Y-SEGURIDAD-EN-TI-MISMO-1024x1024.jpg 1024w, https:\/\/antakarana.life\/cursos\/wp-content\/uploads\/2024\/02\/3.-MEJORA-TU-AUTOESTIMA-AUTOREPUTACIO\u2560uN-Y-SEGURIDAD-EN-TI-MISMO-150x150.jpg 150w, https:\/\/antakarana.life\/cursos\/wp-content\/uploads\/2024\/02\/3.-MEJORA-TU-AUTOESTIMA-AUTOREPUTACIO\u2560uN-Y-SEGURIDAD-EN-TI-MISMO-768x768.jpg 768w\" sizes=\"(max-width: 1080px) 100vw, 1080px\" \/><\/a><\/div>\t<div class=\"post-info\">\n\t\t<h3 class=\"post-title\"><a href=\"https:\/\/antakarana.life\/cursos\/courses\/mejora-tu-autoestima-auto-reputacion-y-seguridad-en-ti-mismo\/\">Mejora tu autoestima, auto reputaci\u00f3n y seguridad en ti mismo<\/a><\/h3>\t\t<div class=\"post-meta-group\">\n\t\t\t\t\t\t\t\t<\/div>\n\t<\/div>\n\t<div class=\"post-popover\" data-popover=\"popper-69fb3ff02de09\">\n\t\t<div class=\"popover-body\">\n\t\t\t\t\t\t<h3 class=\"post-title\"><a href=\"https:\/\/antakarana.life\/cursos\/courses\/mejora-tu-autoestima-auto-reputacion-y-seguridad-en-ti-mismo\/\">Mejora tu autoestima, auto reputaci\u00f3n y seguridad en ti mismo<\/a><\/h3>\t\t\t<ul class=\"post-meta\">\t\t\t\t\t<li class=\"meta-duration\"><i class=\"shine-icon-clock\" aria-hidden=\"true\"><\/i><span class=\"value\">26:44 minutos<\/span><\/li>\n\t\t\t\t\t\t\t\t\t<li class=\"meta-enrolled\"><i class=\"shine-icon-user-alt\" aria-hidden=\"true\"><\/i><span class=\"value\">11<\/span><\/li>\n\t\t\t\t<\/ul>\t\t\t\t\t\t<p class=\"product woocommerce add_to_cart_inline ld-add-to-cart\" style=\"margin-bottom:10px;margin-top:0;\"><a href=\"https:\/\/antakarana.life\/cursos\/?post_type=product&#038;p=570\" data-quantity=\"1\" class=\"button product_type_course\" data-product_id=\"570\" data-product_sku=\"\" aria-label=\"Lee m\u00e1s sobre &ldquo;Mejora tu autoestima, autoreputaci\u00f3n y seguridad en ti mismo&rdquo;\" rel=\"nofollow\"><i class=\"shine-icon-plus\" aria-hidden=\"true\"><\/i><span class=\"text\">Leer M\u00e1s<\/span><span class=\"spinner\"><\/span><\/a><\/p><a class=\"button button-block\" href=\"https:\/\/pay.hotmart.com\/M96666389R?off=srdyq109&#038;checkoutMode=10\">Comprar<\/a>\t\t<\/div>\n\t<\/div>\n<\/article><article class=\"entry-post post-style-grid has-popover style-boxed post-626 sfwd-courses type-sfwd-courses status-publish has-post-thumbnail hentry\" data-popover=\"popper-69fb3ff02f142\">\n\t<div class=\"post-thumb\"><a href=\"https:\/\/antakarana.life\/cursos\/courses\/10-claves-para-lograr-balance-y-reducir-el-estres\/\"><img decoding=\"async\" width=\"2160\" height=\"2160\" src=\"https:\/\/antakarana.life\/cursos\/wp-content\/uploads\/2024\/03\/6.jpg\" class=\"attachment-full size-full wp-post-image\" alt=\"\" srcset=\"https:\/\/antakarana.life\/cursos\/wp-content\/uploads\/2024\/03\/6.jpg 2160w, https:\/\/antakarana.life\/cursos\/wp-content\/uploads\/2024\/03\/6-300x300.jpg 300w, https:\/\/antakarana.life\/cursos\/wp-content\/uploads\/2024\/03\/6-1024x1024.jpg 1024w, https:\/\/antakarana.life\/cursos\/wp-content\/uploads\/2024\/03\/6-150x150.jpg 150w, https:\/\/antakarana.life\/cursos\/wp-content\/uploads\/2024\/03\/6-768x768.jpg 768w, https:\/\/antakarana.life\/cursos\/wp-content\/uploads\/2024\/03\/6-1536x1536.jpg 1536w, https:\/\/antakarana.life\/cursos\/wp-content\/uploads\/2024\/03\/6-2048x2048.jpg 2048w, https:\/\/antakarana.life\/cursos\/wp-content\/uploads\/2024\/03\/6-600x600.jpg 600w, https:\/\/antakarana.life\/cursos\/wp-content\/uploads\/2024\/03\/6-100x100.jpg 100w\" sizes=\"(max-width: 2160px) 100vw, 2160px\" \/><\/a><\/div>\t<div class=\"post-info\">\n\t\t<h3 class=\"post-title\"><a href=\"https:\/\/antakarana.life\/cursos\/courses\/10-claves-para-lograr-balance-y-reducir-el-estres\/\">C\u00f3mo lograr balance vida-trabajo y reducir el estr\u00e9s<\/a><\/h3>\t\t<div class=\"post-meta-group\">\n\t\t\t\t\t\t\t\t<\/div>\n\t<\/div>\n\t<div class=\"post-popover\" data-popover=\"popper-69fb3ff02f142\">\n\t\t<div class=\"popover-body\">\n\t\t\t\t\t\t<h3 class=\"post-title\"><a href=\"https:\/\/antakarana.life\/cursos\/courses\/10-claves-para-lograr-balance-y-reducir-el-estres\/\">C\u00f3mo lograr balance vida-trabajo y reducir el estr\u00e9s<\/a><\/h3>\t\t\t<ul class=\"post-meta\">\t\t\t\t\t<li class=\"meta-duration\"><i class=\"shine-icon-clock\" aria-hidden=\"true\"><\/i><span class=\"value\">2 horas<\/span><\/li>\n\t\t\t\t\t\t\t\t\t<li class=\"meta-enrolled\"><i class=\"shine-icon-user-alt\" aria-hidden=\"true\"><\/i><span class=\"value\">3<\/span><\/li>\n\t\t\t\t<\/ul>\t\t\t\t\t\t<p class=\"product woocommerce add_to_cart_inline ld-add-to-cart\" style=\"margin-bottom:10px;margin-top:0;\"><a href=\"https:\/\/antakarana.life\/cursos\/?post_type=product&#038;p=638\" data-quantity=\"1\" class=\"button product_type_course\" data-product_id=\"638\" data-product_sku=\"\" aria-label=\"Lee m\u00e1s sobre &ldquo;C\u00f3mo lograr el balance  Vida-Trabajo y reducir el estr\u00e9s&rdquo;\" rel=\"nofollow\"><i class=\"shine-icon-plus\" aria-hidden=\"true\"><\/i><span class=\"text\">Leer M\u00e1s<\/span><span class=\"spinner\"><\/span><\/a><\/p><a class=\"button button-block\" href=\"https:\/\/pay.hotmart.com\/B96666118X?checkoutMode=10\">Comprar<\/a>\t\t<\/div>\n\t<\/div>\n<\/article><article class=\"entry-post post-style-grid has-popover style-boxed post-500 sfwd-courses type-sfwd-courses status-publish has-post-thumbnail hentry\" data-popover=\"popper-69fb3ff0304bc\">\n\t<div class=\"post-thumb\"><a href=\"https:\/\/antakarana.life\/cursos\/courses\/empieza-a-sanar-tu-relacion-con-el-dinero\/\"><img loading=\"lazy\" decoding=\"async\" width=\"2160\" height=\"2160\" src=\"https:\/\/antakarana.life\/cursos\/wp-content\/uploads\/2024\/03\/4.-EMPIEZA-A-SANAR-TU-RELACION-CON-EL-DINERO.jpg\" class=\"attachment-full size-full wp-post-image\" alt=\"\" srcset=\"https:\/\/antakarana.life\/cursos\/wp-content\/uploads\/2024\/03\/4.-EMPIEZA-A-SANAR-TU-RELACION-CON-EL-DINERO.jpg 2160w, https:\/\/antakarana.life\/cursos\/wp-content\/uploads\/2024\/03\/4.-EMPIEZA-A-SANAR-TU-RELACION-CON-EL-DINERO-300x300.jpg 300w, https:\/\/antakarana.life\/cursos\/wp-content\/uploads\/2024\/03\/4.-EMPIEZA-A-SANAR-TU-RELACION-CON-EL-DINERO-1024x1024.jpg 1024w, https:\/\/antakarana.life\/cursos\/wp-content\/uploads\/2024\/03\/4.-EMPIEZA-A-SANAR-TU-RELACION-CON-EL-DINERO-150x150.jpg 150w, https:\/\/antakarana.life\/cursos\/wp-content\/uploads\/2024\/03\/4.-EMPIEZA-A-SANAR-TU-RELACION-CON-EL-DINERO-768x768.jpg 768w, https:\/\/antakarana.life\/cursos\/wp-content\/uploads\/2024\/03\/4.-EMPIEZA-A-SANAR-TU-RELACION-CON-EL-DINERO-1536x1536.jpg 1536w, https:\/\/antakarana.life\/cursos\/wp-content\/uploads\/2024\/03\/4.-EMPIEZA-A-SANAR-TU-RELACION-CON-EL-DINERO-2048x2048.jpg 2048w, https:\/\/antakarana.life\/cursos\/wp-content\/uploads\/2024\/03\/4.-EMPIEZA-A-SANAR-TU-RELACION-CON-EL-DINERO-600x600.jpg 600w, https:\/\/antakarana.life\/cursos\/wp-content\/uploads\/2024\/03\/4.-EMPIEZA-A-SANAR-TU-RELACION-CON-EL-DINERO-100x100.jpg 100w\" sizes=\"(max-width: 2160px) 100vw, 2160px\" \/><\/a><\/div>\t<div class=\"post-info\">\n\t\t<h3 class=\"post-title\"><a href=\"https:\/\/antakarana.life\/cursos\/courses\/empieza-a-sanar-tu-relacion-con-el-dinero\/\">Empieza a sanar tu relaci\u00f3n con el dinero<\/a><\/h3>\t\t<div class=\"post-meta-group\">\n\t\t\t\t\t\t\t\t<\/div>\n\t<\/div>\n\t<div class=\"post-popover\" data-popover=\"popper-69fb3ff0304bc\">\n\t\t<div class=\"popover-body\">\n\t\t\t\t\t\t<h3 class=\"post-title\"><a href=\"https:\/\/antakarana.life\/cursos\/courses\/empieza-a-sanar-tu-relacion-con-el-dinero\/\">Empieza a sanar tu relaci\u00f3n con el dinero<\/a><\/h3>\t\t\t<ul class=\"post-meta\">\t\t\t\t\t<li class=\"meta-duration\"><i class=\"shine-icon-clock\" aria-hidden=\"true\"><\/i><span class=\"value\">1 hora<\/span><\/li>\n\t\t\t\t\t\t\t\t\t<li class=\"meta-enrolled\"><i class=\"shine-icon-user-alt\" aria-hidden=\"true\"><\/i><span class=\"value\">16<\/span><\/li>\n\t\t\t\t<\/ul>\t\t\t\t\t\t<p class=\"product woocommerce add_to_cart_inline ld-add-to-cart\" style=\"margin-bottom:10px;margin-top:0;\"><a href=\"https:\/\/antakarana.life\/cursos\/?post_type=product&#038;p=516\" data-quantity=\"1\" class=\"button product_type_course\" data-product_id=\"516\" data-product_sku=\"\" aria-label=\"Lee m\u00e1s sobre &ldquo;Empieza a sanar tu relaci\u00f3n con el dinero&rdquo;\" rel=\"nofollow\"><i class=\"shine-icon-plus\" aria-hidden=\"true\"><\/i><span class=\"text\">Leer M\u00e1s<\/span><span class=\"spinner\"><\/span><\/a><\/p><a class=\"button button-block\" href=\"https:\/\/pay.hotmart.com\/R96450193G?off=3x06qzdl&#038;checkoutMode=10\">Comprar<\/a>\t\t<\/div>\n\t<\/div>\n<\/article><article class=\"entry-post post-style-grid has-popover style-boxed post-608 sfwd-courses type-sfwd-courses status-publish has-post-thumbnail hentry\" data-popover=\"popper-69fb3ff0319a8\">\n\t<div class=\"post-thumb\"><a href=\"https:\/\/antakarana.life\/cursos\/courses\/como-tener-una-conversacion-dificil-asertivamente\/\"><img loading=\"lazy\" decoding=\"async\" width=\"2160\" height=\"2160\" src=\"https:\/\/antakarana.life\/cursos\/wp-content\/uploads\/2024\/03\/5.-CaMO-TENER-UNA-CONVERSACIaN-DIFOCIL-ASERTIVAMENTE.jpg\" class=\"attachment-full size-full wp-post-image\" alt=\"\" srcset=\"https:\/\/antakarana.life\/cursos\/wp-content\/uploads\/2024\/03\/5.-CaMO-TENER-UNA-CONVERSACIaN-DIFOCIL-ASERTIVAMENTE.jpg 2160w, https:\/\/antakarana.life\/cursos\/wp-content\/uploads\/2024\/03\/5.-CaMO-TENER-UNA-CONVERSACIaN-DIFOCIL-ASERTIVAMENTE-300x300.jpg 300w, https:\/\/antakarana.life\/cursos\/wp-content\/uploads\/2024\/03\/5.-CaMO-TENER-UNA-CONVERSACIaN-DIFOCIL-ASERTIVAMENTE-1024x1024.jpg 1024w, https:\/\/antakarana.life\/cursos\/wp-content\/uploads\/2024\/03\/5.-CaMO-TENER-UNA-CONVERSACIaN-DIFOCIL-ASERTIVAMENTE-150x150.jpg 150w, https:\/\/antakarana.life\/cursos\/wp-content\/uploads\/2024\/03\/5.-CaMO-TENER-UNA-CONVERSACIaN-DIFOCIL-ASERTIVAMENTE-768x768.jpg 768w, https:\/\/antakarana.life\/cursos\/wp-content\/uploads\/2024\/03\/5.-CaMO-TENER-UNA-CONVERSACIaN-DIFOCIL-ASERTIVAMENTE-1536x1536.jpg 1536w, https:\/\/antakarana.life\/cursos\/wp-content\/uploads\/2024\/03\/5.-CaMO-TENER-UNA-CONVERSACIaN-DIFOCIL-ASERTIVAMENTE-2048x2048.jpg 2048w, https:\/\/antakarana.life\/cursos\/wp-content\/uploads\/2024\/03\/5.-CaMO-TENER-UNA-CONVERSACIaN-DIFOCIL-ASERTIVAMENTE-600x600.jpg 600w, https:\/\/antakarana.life\/cursos\/wp-content\/uploads\/2024\/03\/5.-CaMO-TENER-UNA-CONVERSACIaN-DIFOCIL-ASERTIVAMENTE-100x100.jpg 100w\" sizes=\"(max-width: 2160px) 100vw, 2160px\" \/><\/a><\/div>\t<div class=\"post-info\">\n\t\t<h3 class=\"post-title\"><a href=\"https:\/\/antakarana.life\/cursos\/courses\/como-tener-una-conversacion-dificil-asertivamente\/\">C\u00f3mo tener una conversaci\u00f3n dif\u00edcil asertivamente<\/a><\/h3>\t\t<div class=\"post-meta-group\">\n\t\t\t\t\t\t\t\t<\/div>\n\t<\/div>\n\t<div class=\"post-popover\" data-popover=\"popper-69fb3ff0319a8\">\n\t\t<div class=\"popover-body\">\n\t\t\t\t\t\t<h3 class=\"post-title\"><a href=\"https:\/\/antakarana.life\/cursos\/courses\/como-tener-una-conversacion-dificil-asertivamente\/\">C\u00f3mo tener una conversaci\u00f3n dif\u00edcil asertivamente<\/a><\/h3>\t\t\t<ul class=\"post-meta\">\t\t\t\t\t<li class=\"meta-duration\"><i class=\"shine-icon-clock\" aria-hidden=\"true\"><\/i><span class=\"value\">35 minutos<\/span><\/li>\n\t\t\t\t\t\t\t\t\t<li class=\"meta-enrolled\"><i class=\"shine-icon-user-alt\" aria-hidden=\"true\"><\/i><span class=\"value\">10<\/span><\/li>\n\t\t\t\t<\/ul>\t\t\t\t\t\t<p class=\"product woocommerce add_to_cart_inline ld-add-to-cart\" style=\"margin-bottom:10px;margin-top:0;\"><a href=\"https:\/\/antakarana.life\/cursos\/?post_type=product&#038;p=649\" data-quantity=\"1\" class=\"button product_type_course\" data-product_id=\"649\" data-product_sku=\"\" aria-label=\"Lee m\u00e1s sobre &ldquo;C\u00f3mo tener una conversaci\u00f3n dif\u00edcil asertivamente&rdquo;\" rel=\"nofollow\"><i class=\"shine-icon-plus\" aria-hidden=\"true\"><\/i><span class=\"text\">Leer M\u00e1s<\/span><span class=\"spinner\"><\/span><\/a><\/p><a class=\"button button-block\" href=\"https:\/\/pay.hotmart.com\/I96666338Q?off=ahtcwbz3&#038;checkoutMode=10\">Comprar<\/a>\t\t<\/div>\n\t<\/div>\n<\/article><article class=\"entry-post post-style-grid has-popover style-boxed post-617 sfwd-courses type-sfwd-courses status-publish has-post-thumbnail hentry\" data-popover=\"popper-69fb3ff032b8f\">\n\t<div class=\"post-thumb\"><a href=\"https:\/\/antakarana.life\/cursos\/courses\/el-duelo-sus-etapas-y-como-atravesarlo-de-mejor-manera\/\"><img loading=\"lazy\" decoding=\"async\" width=\"2160\" height=\"2160\" src=\"https:\/\/antakarana.life\/cursos\/wp-content\/uploads\/2024\/03\/07.-EL-DUELO-Y-SUS-ETAPAS.jpg\" class=\"attachment-full size-full wp-post-image\" alt=\"\" srcset=\"https:\/\/antakarana.life\/cursos\/wp-content\/uploads\/2024\/03\/07.-EL-DUELO-Y-SUS-ETAPAS.jpg 2160w, https:\/\/antakarana.life\/cursos\/wp-content\/uploads\/2024\/03\/07.-EL-DUELO-Y-SUS-ETAPAS-300x300.jpg 300w, https:\/\/antakarana.life\/cursos\/wp-content\/uploads\/2024\/03\/07.-EL-DUELO-Y-SUS-ETAPAS-1024x1024.jpg 1024w, https:\/\/antakarana.life\/cursos\/wp-content\/uploads\/2024\/03\/07.-EL-DUELO-Y-SUS-ETAPAS-150x150.jpg 150w, https:\/\/antakarana.life\/cursos\/wp-content\/uploads\/2024\/03\/07.-EL-DUELO-Y-SUS-ETAPAS-768x768.jpg 768w, https:\/\/antakarana.life\/cursos\/wp-content\/uploads\/2024\/03\/07.-EL-DUELO-Y-SUS-ETAPAS-1536x1536.jpg 1536w, https:\/\/antakarana.life\/cursos\/wp-content\/uploads\/2024\/03\/07.-EL-DUELO-Y-SUS-ETAPAS-2048x2048.jpg 2048w, https:\/\/antakarana.life\/cursos\/wp-content\/uploads\/2024\/03\/07.-EL-DUELO-Y-SUS-ETAPAS-600x600.jpg 600w, https:\/\/antakarana.life\/cursos\/wp-content\/uploads\/2024\/03\/07.-EL-DUELO-Y-SUS-ETAPAS-100x100.jpg 100w\" sizes=\"(max-width: 2160px) 100vw, 2160px\" \/><\/a><\/div>\t<div class=\"post-info\">\n\t\t<h3 class=\"post-title\"><a href=\"https:\/\/antakarana.life\/cursos\/courses\/el-duelo-sus-etapas-y-como-atravesarlo-de-mejor-manera\/\">El Duelo, sus etapas y como atravesarlo de mejor manera<\/a><\/h3>\t\t<div class=\"post-meta-group\">\n\t\t\t\t\t\t\t\t<\/div>\n\t<\/div>\n\t<div class=\"post-popover\" data-popover=\"popper-69fb3ff032b8f\">\n\t\t<div class=\"popover-body\">\n\t\t\t\t\t\t<h3 class=\"post-title\"><a href=\"https:\/\/antakarana.life\/cursos\/courses\/el-duelo-sus-etapas-y-como-atravesarlo-de-mejor-manera\/\">El Duelo, sus etapas y como atravesarlo de mejor manera<\/a><\/h3>\t\t\t<ul class=\"post-meta\">\t\t\t\t\t<li class=\"meta-duration\"><i class=\"shine-icon-clock\" aria-hidden=\"true\"><\/i><span class=\"value\">36 minutos<\/span><\/li>\n\t\t\t\t\t\t\t\t\t<li class=\"meta-enrolled\"><i class=\"shine-icon-user-alt\" aria-hidden=\"true\"><\/i><span class=\"value\">3<\/span><\/li>\n\t\t\t\t<\/ul>\t\t\t\t\t\t<p class=\"product woocommerce add_to_cart_inline ld-add-to-cart\" style=\"margin-bottom:10px;margin-top:0;\"><a href=\"https:\/\/antakarana.life\/cursos\/?post_type=product&#038;p=636\" data-quantity=\"1\" class=\"button product_type_course\" data-product_id=\"636\" data-product_sku=\"\" aria-label=\"Lee m\u00e1s sobre &ldquo;El Duelo, sus etapas y como atravesarlo de mejor manera&rdquo;\" rel=\"nofollow\"><i class=\"shine-icon-plus\" aria-hidden=\"true\"><\/i><span class=\"text\">Leer M\u00e1s<\/span><span class=\"spinner\"><\/span><\/a><\/p><a class=\"button button-block\" href=\"https:\/\/pay.hotmart.com\/C96666547T?off=64mxqh95&#038;checkoutMode=10\">Comprar<\/a>\t\t<\/div>\n\t<\/div>\n<\/article><\/div>                <\/div>\n            <\/div>\n            \t\t<\/div>\n\t\t\t\t<\/div>\n\t\t\t\t\t<\/div>\n\t\t\t\t<\/div>\n\t\t\t\t<\/div>\n\t\t","protected":false},"excerpt":{"rendered":"<p>Aprende desde la comodidad de tu casa, a la hora que quieras y con acceso de por vida. C\u00f3mo liberarte de tus creencias limitantes C\u00f3mo liberarte de tus creencias limitantes 33 minutos Mejora tu autoestima, auto reputaci\u00f3n y seguridad en ti mismo Mejora tu autoestima, auto reputaci\u00f3n y seguridad en ti mismo 26:44 minutos C\u00f3mo [&hellip;]<\/p>\n","protected":false},"author":1,"featured_media":0,"parent":0,"menu_order":0,"comment_status":"closed","ping_status":"closed","template":"elementor_header_footer","meta":{"inline_featured_image":false,"footnotes":""},"_links":{"self":[{"href":"https:\/\/antakarana.life\/cursos\/wp-json\/wp\/v2\/pages\/92"}],"collection":[{"href":"https:\/\/antakarana.life\/cursos\/wp-json\/wp\/v2\/pages"}],"about":[{"href":"https:\/\/antakarana.life\/cursos\/wp-json\/wp\/v2\/types\/page"}],"author":[{"embeddable":true,"href":"https:\/\/antakarana.life\/cursos\/wp-json\/wp\/v2\/users\/1"}],"replies":[{"embeddable":true,"href":"https:\/\/antakarana.life\/cursos\/wp-json\/wp\/v2\/comments?post=92"}],"version-history":[{"count":116,"href":"https:\/\/antakarana.life\/cursos\/wp-json\/wp\/v2\/pages\/92\/revisions"}],"predecessor-version":[{"id":973,"href":"https:\/\/antakarana.life\/cursos\/wp-json\/wp\/v2\/pages\/92\/revisions\/973"}],"wp:attachment":[{"href":"https:\/\/antakarana.life\/cursos\/wp-json\/wp\/v2\/media?parent=92"}],"curies":[{"name":"wp","href":"https:\/\/api.w.org\/{rel}","templated":true}]}}